n(f) = -11*f**2 + 0*f**2 + f**3 + 10 - 8*f + 2*f. Let v(s) = 5*c(s) - n(s). What are the prime factors of v(7)?
2, 3
Let i(l) = l**2 - 8*l + 2. Let u be i(8). Let j(n) = u*n + 1 + 0 - 4 + 1. List the prime factors of j(7).
2, 3
Let h be (2/(-4))/(0 + 2/(-20)). Suppose 5*f - 141 = 2*f - 2*g, 0 = h*f - 5*g - 235. List the prime factors of f.
47
Let a(u) = 56*u**3 + 54*u**3 - 108*u**3. List the prime factors of a(4).
2
Let j = 27 + 8. Let m = 6 + j. List the prime factors of m.
41
Suppose c = 14*n - 18*n + 2335, -11633 = -5*c + n. What are the prime factors of c?
13, 179
Suppose 460*j - 459*j = -11. Let d(m) = 7*m + 19. Let a(c) = 1. Let g(s) = -a(s) - d(s). List the prime factors of g(j).
3, 19
Let z = -231 + 1056. List the prime factors of z.
3, 5, 11
What are the prime factors of (-2 - 68/(-16))/(3/872)?
2, 3, 109
Let c(d) = -d**2 - d. Let h be c(-5). Let y be (h/(-6))/((-4)/6). What are the prime factors of y*((-408)/(-20))/(-2)?
3, 17
Let g be ((-16)/(-4))/(1 + 1). Let k(j) = 52*j - 1. Let i(r) = 13*r. Let m(h) = 9*i(h) - 2*k(h). List the prime factors of m(g).
2, 7
Suppose 3*c - 585 = -2*c. Suppose 3*b = 4*b - c. Suppose -b = -3*s - 5*w, -s = s - 4*w - 78. List the prime factors of s.
3, 13
Suppose -2*r + 3*g + 2*g = -1729, -3*r - 2*g = -2622. List the prime factors of r.
2, 109
Let q be (-522)/(-10) + 1/(-5). Suppose -q + 2 = -a. Suppose -3*g = v - a, 3*v + v - 24 = -g. List the prime factors of g.
2
Let o = 405 - 393. List the prime factors of o.
2, 3
Let k(v) be the second derivative of v**4/3 - 13*v**3/6 + v**2/2 - 13*v. What are the prime factors of k(-4)?
3, 13
Let m = 17 + -6. Suppose -m*z + 40 = -6*z. List the prime factors of (3 + -15)/((-6)/z).
2
Let g(p) = p + 3*p + 1 - p**2 - 8*p. Let y be g(-3). Suppose 5*b + y*w = 165, 4*b + 3*w - 87 = 46. What are the prime factors of b?
37
Suppose -3*b = -6 - 3, 0 = 5*u - 3*b + 1759. Let t be u/(-42) + (-2)/(-3). Suppose -6*z = -t*z + 129. What are the prime factors of z?
43
Let z(q) = 46*q + 7. What are the prime factors of z(5)?
3, 79
Let k(y) = 4*y + 8. Let z(h) = -h**3 + 7*h**2 + 9*h - 5. Let b be z(8). Let u be (-2)/b + 87/9. What are the prime factors of k(u)?
2, 11
Suppose 3*i + 1 = -5. Let j be 1/(i/6) + 6. Suppose -p + j = m, -4*p + 0*m + 22 = -m. List the prime factors of p.
5
Let l be 6*3/(-18)*-2. Let n be (-6)/(-8 + 4 + l). Suppose -n*c = 0, 3*c = -f + c + 78. List the prime factors of f.
2, 3, 13
Let f(r) = 23 - 2*r - 7 + 3*r. Let d be f(-5). Let h = d + -4. List the prime factors of h.
7
Let z(t) = t + 1. Let b = 6 + -4. Let n be z(b). Suppose 40 = v + n*y, -4*v - v + y = -136. List the prime factors of v.
2, 7
Let o be (42/(-4))/(19/114). Let b = o - -88. List the prime factors of b.
5
Suppose -3268 = -8*q + 980. List the prime factors of q.
3, 59
Let a = 11 - 11. Let y = -16 + 16. Suppose n - 4 + y = a. List the prime factors of n.
2
Suppose 4*b + 0*b - 16 = 4*p, 3*b + 3*p - 6 = 0. Suppose 96 = -2*s + b*s. What are the prime factors of ((-2)/4)/((-3)/s)?
2
Let b = -48 - -57. Let g(c) = 2*c**2 - 13*c + 40. List the prime factors of g(b).
5, 17
Suppose 4*y + 5*s - 6*s - 7 = 0, -3*y - 2*s = -8. Suppose 5*v = 3*v. Suppose v = -y*p + p + 43. What are the prime factors of p?
43
Let j(n) = n**2 - n - 1. Let b be j(0). Suppose 5*t - 4*r - 105 = 0, 2*r - 7*r + 42 = 2*t. Let m = b + t. List the prime factors of m.
2, 5
Suppose -2*b + 6*r = r - 55, 4*b - 5*r - 135 = 0. Suppose -k + 70 = 2*o, -2*o + 2 = -2. Let g = k - b. What are the prime factors of g?
2, 13
Suppose -2*l = 4*v + l - 4931, 5*l = -5*v + 6170. List the prime factors of v.
1229
Let y(x) = 3*x - 5. Let o be y(-5). Let r = 10 + o. What are the prime factors of (-1 - 1)*115/r?
23
Let d(i) = 25*i**3. Let p(a) = a + 15. Let x be p(-14). List the prime factors of d(x).
5
What are the prime factors of (-1)/5 + ((-448)/5)/(-8)?
11
Let y(q) be the first derivative of -q**4/4 + q**3 + 5*q**2/2 + 3*q - 1. Let i be 2/(-12) + 525/126. List the prime factors of y(i).
7
Suppose -g + 5140 = x + 4*g, -2*g + 15459 = 3*x. What are the prime factors of x?
5, 1031
Let g = -61 + 63. Let m(n) = 22*n**2 + 1. List the prime factors of m(g).
89
Suppose -4*w = -5*w + 42. Let n = 131 + w. What are the prime factors of n?
173
Let r = -3217 - -5951. List the prime factors of r.
2, 1367
Let r(p) = -p - 9. Let j be r(-7). Let s be (1 - 4)*-3 + j. Let h = s + 23. List the prime factors of h.
2, 3, 5
List the prime factors of ((-1283100)/72)/(-25)*6.
7, 13, 47
Let w = 377 - 96. Suppose -5*u = j + 2*j - w, -j = u - 97. Suppose 86 = 3*f + 3*h - 73, -2*f - 3*h = -j. What are the prime factors of f?
3, 19
Let r be (-10)/50 - 16/(-5). Suppose 0 = -r*w + b + 4*b - 3, 2*w = 3*b - 2. What are the prime factors of ((-2)/(-4))/(w/(-6))?
3
Let v be 40/(-4)*(3/(-2))/3. Suppose -3*x - 3*c + 167 = -103, 0 = v*x - 5*c - 460. What are the prime factors of x?
7, 13
Let p(a) = -a**2 - 4*a + 2. Let w be p(-4). Suppose 2*q = 3*f - 179, q = -2*f - 11 + 135. Suppose -w*r + f = -31. What are the prime factors of r?
2, 23
Let a = 30 + -48. Let c(x) = x**3 + 17*x**2 - 17*x + 22. Let r be c(a). Suppose -4*m + 116 = r*q - 56, -m + 2*q = -40. What are the prime factors of m?
2, 3, 7
Let l = -52 + 84. Let b = -18 + l. Suppose 0 = -n + 5*t + b, 3 = 3*n - 3*t - 15. What are the prime factors of n?
2
Let w(a) = 177*a + 12. List the prime factors of w(2).
2, 3, 61
Let s(a) be the first derivative of -a**4 + 2*a**3/3 + a**2 + a + 1. Let t = 14 - 15. What are the prime factors of s(t)?
5
Suppose 0 = -4*h - r + 17 - 0, h + 4 = -3*r. Suppose -q + 0 = -4*o - 1, h*o - 1 = 2*q. List the prime factors of q/(-9) - (-339)/9.
2, 19
Suppose 596 = -6*p + 8*p. What are the prime factors of p?
2, 149
Let v(d) = -d**3 - 13*d**2 - 2*d - 6. Let n be -15 + 2 + -2 - -2. Let l be v(n). Let h = l + 8. What are the prime factors of h?
2, 7
Let z(a) = 99*a**2 + 15*a - 163. List the prime factors of z(6).
3491
Suppose -25*f = -12290 + 865. What are the prime factors of f?
457
Let a = 1302 - 820. List the prime factors of a.
2, 241
Let f(o) = 5*o**2. Let m be f(-1). Let v(d) = 6*d**2 + 11*d - 32. List the prime factors of v(m).
173
Suppose -7*s + 750 = -12*s. Let u = 266 + s. List the prime factors of u.
2, 29
Suppose -5*l = c - 576, 2*l - 3*l - 1163 = -2*c. Suppose k + c = 8*k. List the prime factors of k.
83
Let w = 25 - 21. Let k = w + -1. Suppose 0 = 2*v + k*v - 205. What are the prime factors of v?
41
Let v = -221 - -656. What are the prime factors of v?
3, 5, 29
What are the prime factors of -1 - (-5684)/10 - 45/(-75)?
2, 71
Suppose 0 = 3*g - 9, 11*g = 5*q + 15*g - 10357. What are the prime factors of q?
2069
Suppose -5*z = -z - 8, -3*s = -5*z + 46. Let q be (s/(-7))/(9/126). Let x = q - 9. List the prime factors of x.
3, 5
Let k(d) = 28*d**2 - 8*d - 24. What are the prime factors of k(9)?
2, 3, 181
Suppose 0 = 5*j - 5 - 5. List the prime factors of -2*(j + 4)*-1.
2, 3
Suppose 0 = 2*w + 5*q + 11, 0*w = 2*w + q - 1. Suppose 10 = 5*i - 3*i, 0 = 4*d - 4*i + 52. List the prime factors of (68/d)/(w/(-4)).
17
Let o = -36 - -30. Let y be -1 + (o*1)/(-3). What are the prime factors of (-64)/(0 - 4) + y?
17
Suppose -u + 235 = -0*y + 3*y, 220 = 3*y + 4*u. Let t = y - 30. What are the prime factors of t?
2, 5
Suppose -35*c - 38*c = -151037. List the prime factors of c.
2069
Suppose 3*q = 4*q - 27. Let m = q - -34. What are the prime factors of m?
61
Suppose -15 = 2*r - 11. What are the prime factors of 349/2 + r + (-6)/(-12)?
173
Let u(s) = 2*s - 4. Let v be u(-6). What are the prime factors of (v - -24)*34/8?
2, 17
Suppose -3*n - 184 = 4*w, -n - 117 = 5*w + 113. Let r = 176 + w. List the prime factors of r.
2, 5, 13
Let q = -5851 + 11037. List the prime factors of q.
2, 2593
Suppose -12*u + 8079 = -2433. What are the prime factors of u?
2, 3, 73
Suppose -5*x + 43 - 18 = 0. Suppose 9 = -x*z + 74. What are the prime factors of z?
13
Suppose 38 = -4*g - 26. Let q(t) = -t**2 - 17*t + 2. What are the prime factors of q(g)?
2, 3
Suppose -19*n - 15*n = -3366. What are the prime factors of n?
3, 11
Let i = -26 - -22. List the prime factors of 3 - 765/(-25) - i/10.
2, 17
What are the prime factors of (-28)/(-63)*6*(-201)/(-2)?
2, 67
Let r be (134 - -20)*(1 + 0). Let w = 266 - r. What are the prime factors of w?
2, 7
Supp